f 59864 and 112.
56
Calculate the highest common factor of 19027 and 742.
53
Calculate the highest common factor of 1980 and 231550.
110
Calculate the greatest common factor of 14766 and 8346.
642
Calculate the greatest common divisor of 8 and 136376.
8
Calculate the greatest common divisor of 28742 and 35.
7
What is the highest common divisor of 226492 and 175?
7
What is the highest common divisor of 2651 and 11?
11
Calculate the highest common divisor of 270 and 498.
6
What is the highest common divisor of 121942 and 38?
38
What is the highest common factor of 2569 and 3135648?
367
Calculate the highest common factor of 1308 and 313266.
654
What is the greatest common divisor of 56 and 10605?
7
What is the greatest common factor of 97090 and 1095?
365
Calculate the greatest common factor of 16278 and 96.
6
What is the highest common factor of 166504 and 4888?
104
Calculate the greatest common divisor of 7381 and 242.
121
What is the greatest common factor of 69 and 3016749?
69
What is the highest common divisor of 7198 and 244?
122
Calculate the highest common divisor of 103850 and 900.
50
Calculate the greatest common factor of 4255 and 90850.
115
Calculate the highest common factor of 150722 and 3564.
22
Calculate the highest common divisor of 30 and 2257210.
10
What is the highest common factor of 8455 and 635?
5
Calculate the highest common divisor of 2412 and 23048.
268
What is the greatest common divisor of 24589 and 41471?
367
What is the highest common divisor of 360 and 136?
8
What is the highest common factor of 120 and 13560?
120
Calculate the highest common factor of 1869 and 417855.
267
Calculate the highest common factor of 14098831 and 961.
961
Calculate the greatest common factor of 460672 and 96.
32
Calculate the greatest common factor of 923418 and 3294.
1098
Calculate the highest common factor of 124 and 1200.
4
Calculate the highest common divisor of 236 and 984474.
118
Calculate the greatest common factor of 5856 and 912.
48
What is the highest common divisor of 6 and 9629?
1
What is the greatest common divisor of 1113 and 112?
7
What is the highest common factor of 8621130 and 1708?
854
What is the highest common factor of 26856 and 984?
24
Calculate the greatest common factor of 21 and 8944971.
21
Calculate the greatest common divisor of 55510 and 2990.
130
What is the highest common divisor of 1246 and 2310?
14
Calculate the greatest common divisor of 140 and 31940.
20
What is the highest common divisor of 38210 and 70?
10
What is the greatest common factor of 2399603 and 818?
409
Calculate the highest common divisor of 1018283 and 34.
17
Calculate the greatest common factor of 27170 and 650.
130
Calculate the greatest common factor of 18104 and 2108.
124
What is the greatest common factor of 475 and 2203525?
475
Calculate the greatest common factor of 1005 and 34505.
335
Calculate the greatest common factor of 94 and 87091.
47
What is the highest common divisor of 55 and 1840?
5
What is the greatest common factor of 105568 and 28?
4
What is the greatest common divisor of 89890 and 1424?
178
Calculate the greatest common divisor of 2046 and 37696.
62
Calculate the highest common divisor of 50 and 14450.
50
Calculate the highest common factor of 421787 and 17.
17
Calculate the greatest common divisor of 2008 and 772076.
1004
What is the greatest common factor of 725 and 91550?
25
What is the highest common factor of 59744 and 32?
32
Calculate the greatest common divisor of 38985 and 460.
115
Calculate the greatest common factor of 6144 and 21.
3
What is the highest common divisor of 180 and 113790?
30
Calculate the greatest common factor of 302 and 2837743.
151
What is the highest common factor of 22816 and 19251?
713
What is the highest common divisor of 5362 and 112?
14
Calculate the highest common factor of 496 and 563022.
62
What is the highest common divisor of 4859488 and 2517?
839
Calculate the greatest common factor of 67872 and 4116.
84
What is the highest common factor of 732972 and 204?
204
Calculate the greatest common factor of 73 and 466689.
73
What is the highest common divisor of 167 and 1096689?
167
Calculate the highest common divisor of 55 and 649847.
11
Calculate the highest common divisor of 18 and 14283.
9
What is the greatest common factor of 2 and 7547?
1
What is the greatest common divisor of 306135 and 72?
9
Calculate the highest common factor of 40 and 1195.
5
What is the highest common factor of 3 and 542433?
3
Calculate the highest common divisor of 133 and 596239.
133
Calculate the greatest common divisor of 15757 and 77.
7
What is the greatest common divisor of 520030 and 437?
437
Calculate the highest common factor of 393269 and 382.
191
What is the greatest common factor of 45 and 245695?
5
What is the greatest common divisor of 864 and 69192?
72
What is the highest common factor of 481 and 9672?
13
What is the greatest common factor of 646 and 4811?
17
Calculate the greatest common factor of 30 and 63915.
15
Calculate the highest common divisor of 49868 and 5460.
364
Calculate the greatest common divisor of 10186 and 176.
22
What is the greatest common divisor of 9548 and 8525?
341
Calculate the highest common factor of 2021 and 47.
47
Calculate the highest common factor of 1254 and 4162026.
1254
Calculate the highest common divisor of 24216 and 240.
24
Calculate the greatest common factor of 2483523 and 79.
79
Calculate the greatest common divisor of 12470 and 3625.
145
Calculate the greatest common factor of 14182 and 35.
7
What is the greatest common factor of 27096 and 120?
24
Calculate the highest common factor of 5365 and 148.
37
Calculate the greatest common divisor of 70591 and 1095.
73
Calculate the greatest common factor of 270 and 1347660.
90
Calculate the greatest common factor of 95802 and 5754.
42
Calculate the greatest common divisor of 68215 and 35.
35
What is the highest common divisor of 1757 and 1916887?
1757
What is the highest common factor of 523260 and 3825?
765
What is the greatest common factor of 175461 and 1144?
143
Calculate the highest common divisor of 148 and 757982.
74
What is the greatest common divisor of 333 and 2720610?
333
Calculate the highest common factor of 2 and 4244.
2
Calculate the highest common factor of 5168 and 14288.
304
What is the highest common divisor of 7595532 and 612?
612
What is the greatest common factor of 838 and 27235?
419
What is the greatest common factor of 1711 and 2183?
59
What is the greatest common factor of 2607829 and 686?
343
What is the greatest common divisor of 3 and 4960149?
3
What is the highest common divisor of 76 and 9769876?
76
What is the greatest common factor of 19155 and 150?
15
Calculate the highest common divisor of 4363 and 2.
1
Calculate the greatest common factor of 156 and 7397.
13
What is the greatest common divisor of 167352 and 399?
57
Calculate the highest common divisor of 1025 and 309975.
25
Calculate the highest common factor of 260 and 29900.
260
Calculate the greatest common factor of 90 and 565290.
90
What is the greatest common factor of 354 and 62776?
118
What is the highest common divisor of 248 and 32?
8
Calculate the highest common divisor of 13 and 502645.
13
What is the greatest common divisor of 8556 and 6456?
12
What is the highest common divisor of 124 and 467387?
31
Calculate the greatest common factor of 16726 and 30.
2
Calculate the highest common divisor of 32125 and 125.
125
What is the greatest common factor of 6 and 185238?
6
Calculate the highest common divisor of 160365 and 30.
15
Calculate the greatest common factor of 275 and 338325.
25
Calculate the greatest common divisor of 122 and 247538.
122
Calculate the greatest common divisor of 175464 and 1152.
72
What is the greatest common divisor of 3792 and 480?
48
Calculate the greatest common divisor of 28 and 13727.
7
What is the highest common divisor of 19494 and 323?
19
What is the greatest common divisor of 45 and 39186?
9
Calculate the highest common factor of 13774 and 1207.
71
Calculate the highest common divisor of 20607 and 9.
3
What is the greatest common factor of 185743 and 8633?
89
Calculate the greatest common factor of 11254 and 34.
34
Calculate the highest common factor of 1357060 and 120.
20
What